n. Suppose n = -2*a - b + 2226, a - 5*a = -5*b - 4480. Is a a prime number?
False
Suppose 6388195 = -109*o + 22687946. Is o prime?
False
Let q(f) = 55*f**2 - 1122*f - 47. Is q(28) a composite number?
False
Let f(u) be the second derivative of -u**5/20 + 17*u**4/12 + 2*u**3 - 21*u**2/2 - 8*u. Let d be f(16). Suppose 0 = -2*t + 87 + d. Is t a composite number?
False
Is (5/(-35))/((-28)/1814372) composite?
False
Let q be (-4)/30 + 488/60 + -2. Let f be 2/q - 1310/6. Let n = 767 - f. Is n composite?
True
Suppose 2*b = -4, 5*m - 91*b - 268893 = -87*b. Is m prime?
True
Is 6/84*2178533 - (-2)/(-4) prime?
True
Let s(j) = j**3 + 6*j**2 + j + 4. Let a(o) = -o**2 - o. Let g(p) = 4*a(p) + s(p). Let w be g(-3). Suppose 0 = w*d + d - 185. Is d composite?
False
Let q(d) = -57303*d - 1684. Is q(-5) a composite number?
False
Let t = 135228 - 20857. Is t a prime number?
True
Suppose w - 4*t - 477071 = 0, 46*w - 49*w - 3*t = -1431243. Is w prime?
False
Suppose 21*r - 23*r + 24335 = z, r - 5*z - 12184 = 0. Is r prime?
False
Is ((-337934)/57)/(8/(-24)) prime?
False
Let v = -18 - -25. Let o be ((-27432)/18)/((-10)/5). Suppose -k = -v*k + o. Is k a composite number?
False
Suppose 2*d + d = 24. Suppose 0 = -53*t + 51*t + d. Suppose 3*s + 302 = t*s. Is s prime?
False
Let s(o) = 3*o**3 + 5*o**2 + 2*o - 31. Suppose -169 = -90*w + 77*w. Is s(w) prime?
False
Let j(h) = 354*h + 84. Let w be j(-9). Let o = 5537 + w. Is o composite?
True
Let t(a) = 19*a**3 + 5*a**2 - 9*a - 1. Suppose 5*u + 3*y = 17, u - 3*y = 3*u - 5. Is t(u) prime?
True
Let j = -77 + 94. Suppose 8*z - 41 = -j. Is (44/12 - z) + (-9902)/(-6) a prime number?
False
Let c = 25222 + -16876. Let o = c - 5249. Is o a composite number?
True
Let n(l) = -7*l**3 + 2*l**2 + 11*l + 13. Is n(-4) prime?
True
Suppose 4*t - 1485128 = p, -4*p + 2*p - 1485132 = -4*t. Is t a composite number?
False
Let b = -3775 + 4836. Is b composite?
False
Let w(s) = 105*s**3 - 4*s + 98*s**3 + 10*s**2 - 32 + s - 11*s**2 + 36. Is w(1) a prime number?
False
Suppose 78*d - 100593 - 5337608 = -341*d. Is d prime?
True
Let x be ((-15)/(-6) + -3)*(44 - 30). Let b(a) = -28*a - 27*a + 14*a + 6. Is b(x) a prime number?
True
Let s = 938803 + -499712. Is s composite?
True
Let q be (-1 - 38)/(-1 + -2). Let i(u) = 30*u**2 - 9*u + 26. Is i(q) a composite number?
True
Let d be (0/(-1))/((-8)/4). Suppose d*c + 20 = 5*c, -4*a + 2*c + 5900 = 0. Suppose 14*z = 7*z + a. Is z composite?
False
Suppose 144 = d - 5*p, 0 = -d - d + 3*p + 295. Suppose 0 = d*l - 152*l + 14961. Is l a composite number?
False
Let m be 31/11 + 26/143. Suppose -t + 345 = -811. Suppose -m*o = o - t. Is o a prime number?
False
Let u = 126 + -120. Suppose k - u*l - 4316 = -l, 2*k = 5*l + 8647. Is k a composite number?
True
Is (-2)/(35/(436414020/(-24))) prime?
True
Let z(f) = 49*f**2 + 6*f - 2. Suppose 2*s + 38 = 4*g, 0*g - g + s = -9. Let b be z(g). Suppose 8*m - 3114 = b. Is m a composite number?
False
Let n(x) = x**2 + 17*x + 33. Let o be n(-13). Let k(f) = 5*f**2 - 28*f - 28. Is k(o) composite?
False
Suppose -15312129 + 74971434 = 615*k. Is k prime?
True
Is (-32)/112 - ((-59592)/28 - 1) composite?
False
Let q = -67790 + 107721. Is q a composite number?
True
Let q be 34 + 12/(-9)*9/6. Suppose -q = -5*p - 22. Suppose 2*k + p*l = -89 + 485, 4*k - 3*l - 827 = 0. Is k a composite number?
True
Let w = -4351 + 72194. Is w a composite number?
False
Let b = 1260 - 520. Let v = b + -66. Is v composite?
True
Let q(i) = -i**3 - 10*i**2 + 25*i + 17. Let a be q(-12). Suppose x = -x + a*r + 23085, -46181 = -4*x - r. Is x prime?
False
Suppose 3*m - 6*i = 2052951, -2*m + 5*i + 1690460 = 321832. Is m a prime number?
True
Is (-7)/5 - (88/(-20) - -7) - -154567 composite?
True
Is 1/(-2) - (-177441)/2 - (761 + -768) prime?
False
Let f = -10669 - -15994. Suppose 24*t - 1659 = f. Is t a prime number?
False
Let k(q) = -3*q**2 - 33*q - 8. Let x be k(-11). Is ((-1)/3)/(x/(-43224)*-1) a composite number?
False
Let b(n) = 13356*n - 29. Is b(6) composite?
False
Suppose 29*p - 1434 = 28*p. Suppose r + 460 = p. Suppose -r = -11*j + 2964. Is j composite?
True
Let z = 815202 + -443995. Is z a composite number?
True
Suppose -4*j + 882 = 17*j. Suppose -9779 = -53*m + j*m. Is m composite?
True
Suppose 36 = 3*a - 42. Suppose 3*s = 16*s - a. Suppose 3*n - f - 432 = 0, -s*n + 3*f + 298 = -f. Is n a prime number?
False
Let b = -69 - -73. Suppose -4*a = -7 - 1. Suppose 0*i + a*i = 3*v - 157, 0 = 5*v + b*i - 225. Is v prime?
False
Let i(u) = 166*u**2 - 153*u + 88. Is i(-21) a composite number?
False
Let r(w) = -6*w**3 + w**2 - 2*w + 1. Let u be r(1). Let b be (-1)/(-1) - 5 - u. Suppose 0 = 5*j - 25, -j + 2209 = b*n + 2*j. Is n a composite number?
False
Suppose 3*d + 7*d = 17*d. Suppose d = 32*y - 48336 - 33680. Is y composite?
True
Is (-66)/220*2/3 - 534258/(-15) a composite number?
False
Let s be ((-2)/(-4))/((-7)/1541953)*2. Let m = -151284 - s. Is m prime?
False
Let j be (592 - -4)/4 - 4. Let m be 1624/j*(-3790)/(-4). Suppose -23*l = -19*l - m. Is l composite?
True
Suppose 10 = -5*b, x - 3*b = -2*x + 207. Let o be 2/3*(2 + x). Suppose v - 123 = -o. Is v a prime number?
False
Let z(w) = w**2 - 44*w - 69. Is z(-20) prime?
False
Suppose -2*k + 36 + 1 = 3*l, 4*l - 31 = k. Suppose -l*u + 18*u = -72. Let n(o) = -4*o**3 + 3*o**2 + 9*o - 1. Is n(u) prime?
False
Let t(w) = -1943*w**3 + w**2 - 14*w - 14. Let a be t(-1). Suppose 744 + a = 4*j + q, -4*j = 3*q - 2680. Is j prime?
True
Suppose 7*o - 5*o = -8. Let y(c) = 0*c**2 + 2*c**2 + 6 - 6*c - 11 + 0*c - 2*c**3. Is y(o) composite?
False
Let i be (18/(-27))/(4*5/154020). Let c = -2275 - i. Is c composite?
True
Suppose 1419*s - 1461*s = -5865762. Is s prime?
True
Let i(y) = -204*y**3 - 8*y**2 - 27*y + 2. Suppose 3*q - 3*n = -24, 3*q + 9*n + 14 = 10*n. Is i(q) a prime number?
True
Let u(g) be the second derivative of g**5/20 + 17*g**4/12 - 20*g**3/3 - 47*g**2/2 - g - 25. Is u(-16) a prime number?
False
Suppose 13*n - 17864185 = -80*n - 14*n. Is n a prime number?
False
Let k = 197747 - 76360. Is k prime?
False
Suppose 108*k = 103*k - 2*h + 6394, -3*k = 4*h - 3814. Is k a prime number?
False
Suppose 9319743 = 112*k - 9788581 - 121740. Is k composite?
False
Let o = -246 + 239. Let m(d) = -939*d - 188. Is m(o) composite?
True
Let n = 10564 + -22818. Let r = n + 20761. Is r a composite number?
True
Let h(f) = -285214*f - 69. Is h(-2) composite?
False
Let t be 6*5/(-80) + 9548/32. Let l = -5 + 7. Suppose -3*u + l*u + t = 0. Is u a prime number?
False
Let o = 198 - -414. Suppose -2*r + 4558 = -0*r. Suppose o + r = 7*z. Is z a composite number?
True
Let c be 561/(-4) - 0 - (-27)/108. Let i = -136 - c. Suppose w + 2*u - 629 = 0, 0 = -w - 5*u + i*u + 629. Is w prime?
False
Suppose -i = -50*l + 55*l - 414911, -4*l + 4*i + 331900 = 0. Is l prime?
True
Let v be 2 + (-1 + -2 + 6 - -1). Suppose 5*w + 4*q = 2*w + 108, 2*q + v = 0. Is (-2717)/(-5) - 16/w a prime number?
False
Suppose -3*s + 4 = -5*y, -3*s + 5*y - 2 = -2*s. Suppose -4*g - 2 = w - s*g, -1 = -2*w - g. Suppose -4*u = w*j - 346, 0*j - j - 2*u = -114. Is j prime?
False
Let r(c) = 67*c**2 + 11*c + 91. Let b be r(-10). Let d = b + -3586. Is d a prime number?
False
Let j = 39633 - 28232. Is j prime?
False
Suppose 0 = -5*w + 20 + 225. Let a = w - 46. Suppose -4*q + s = -766, q + a*q = 3*s + 770. Is q a composite number?
False
Let s be 2/10 + 23769/(-45). Let q = 1347 + s. Suppose 2*h - d + q = 3*h, 0 = d + 2. Is h a prime number?
True
Suppose -5*w = -2*x + 498337, 4*x - 2*w - 1144719 = -148005. Is x a composite number?
False
Let a(d) = 41*d - 34. Let o be a(1). Suppose 0 = -o*s - 12*s + 113753. Is s prime?
True
Suppose -d + 1540 = 5*g + 105, 5815 = 4*d - 5*g. Is d*35/10 + 4/(-1) a prime number?
False
Let z(s) = -287279*s - 639. Is z(-2) prime?
False
Let t(y) be the first derivative of -39/2*y**4 - 7*y - 3 + 1/3*y**3 - 5/2*y**2. Is t(-2) a composite number?
False
Suppose -3*p + 10 = -14. Suppose 837 + 48739 = p*l. Is l a composite number?
False
Let y = 2937245 - 1466304. Is y a composite number?
False
Let k = -119802 + 184549. Is k a prime number?
True
Let n(q) = -q**3 - q**2 - 1. Let c(d) = 33*d - 17*d**3 - 5*d**2 - 13*d + 12 - 15*d. Let h(w) = c(w) - n(w). Is h(-4) composite?
False
Let r(n) be the second derivative of 53*n**5/120 - 5*n**4/3 + 11